{"id":1812,"date":"2025-03-05T16:18:30","date_gmt":"2025-03-05T16:18:30","guid":{"rendered":"https:\/\/solarchallenge.lu\/soumettez-vos-projets-de-sensibilisation-a-lenergie-solaire\/"},"modified":"2026-03-02T07:30:10","modified_gmt":"2026-03-02T07:30:10","slug":"soumettez-vos-projets-de-sensibilisation-a-lenergie-solaire","status":"publish","type":"page","link":"https:\/\/solarchallenge.lu\/de\/soumettez-vos-projets-de-sensibilisation-a-lenergie-solaire\/","title":{"rendered":"Reichen Sie Ihre Projekte ein"},"content":{"rendered":"\n<div style=\"height:60px\" aria-hidden=\"true\" class=\"wp-block-spacer\"><\/div>\n\n\n\n<h4 class=\"wp-block-heading\" style=\"font-size:36px\">Haben Sie ein originelles Kommunikations-, Mobilisierungs- oder Sensibilisierungsprojekt zum Thema Solarenergie f\u00fcr Ihre Mitb\u00fcrger geplant oder bereits durchgef\u00fchrt? Bewerben Sie Ihr Projekt in Kategorie 4 der Solar Challenge und stellen Sie das Engagement Ihrer Gemeinde unter Beweis!<\/h4>\n\n\n\n<p>In dieser Kategorie wird eine&nbsp;Gemeinde, oder eine Gruppe von Gemeinden ausgezeichnet, die ein spezifisches und originelles Projekt zur Sensibilisierung der lokalen Akteure f\u00fcr die Herausforderungen der Solarenergie umgesetzt hat oder derzeit durchf\u00fchrt. <strong>Das Projekt kann sowohl abgeschlossen sein als auch noch in der Umsetzung sein.<\/strong><\/p>\n\n\n\n<p>Um Ihr Projekt einzureichen, vervollst\u00e4ndigen Sie <strong>die untenstehende Vorlage<\/strong> mit den Einzelheiten Ihres Projekts und reichen Sie es zusammen mit allen relevanten Unterlagen (Pr\u00e4sentationen, Fotos, Berichte usw.) bis zum <strong>28. Februar 2026<\/strong> \u00fcber das beistehende Formular ein.<\/p>\n\n\n\n<p><a href=\"https:\/\/solarchallenge.lu\/wp-content\/uploads\/2025\/03\/Template_Pitch-Categorie-4.pptx\" target=\"_blank\" rel=\"noreferrer noopener\"><strong>Projektvorlage herunterladen<\/strong><\/a><\/p>\n\n\n\n<p>Wenn Sie zu einem sp\u00e4teren Zeitpunkt zus\u00e4tzliche Dokumente zu Ihrem Projekt hinzuzuf\u00fcgen m\u00f6chten, wenden Sie sich bitte unter Angabe des Projekttitels an <a href=\"mailto:s%6fla%72ch%61%6cl%65%6e%67e@%6bl%69ma%2dage%6ec%65%2el%75\"><u>solarchallenge@klima-agence.lu<\/u><\/a>. Es k\u00f6nnen mehrere Projekte eingereicht werden, sofern jedes Projekt bis zum 28. Februar 2026 einzeln eingereicht wird. Weitere Informationen finden Sie in <a href=\"https:\/\/solarchallenge.lu\/de\/reglement\/\"><u>den Teilnahmebedingungen<\/u><\/a>.<\/p>\n\n\n\n<div style=\"height:60px\" aria-hidden=\"true\" class=\"wp-block-spacer\"><\/div>\n\n\n\n<p><\/p>\n","protected":false},"excerpt":{"rendered":"<p>Haben Sie ein originelles Kommunikations-, Mobilisierungs- oder Sensibilisierungsprojekt zum Thema Solarenergie f\u00fcr Ihre Mitb\u00fcrger geplant oder bereits durchgef\u00fchrt? Bewerben Sie Ihr Projekt in Kategorie 4 der Solar Challenge und stellen Sie das Engagement Ihrer Gemeinde unter Beweis! In dieser Kategorie wird eine&nbsp;Gemeinde, oder eine Gruppe von Gemeinden ausgezeichnet, die ein spezifisches und originelles Projekt zur [&hellip;]<\/p>\n","protected":false},"author":1,"featured_media":0,"parent":0,"menu_order":0,"comment_status":"closed","ping_status":"closed","template":"","meta":{"_acf_changed":false,"footnotes":""},"class_list":["post-1812","page","type-page","status-publish","hentry"],"acf":[],"_links":{"self":[{"href":"https:\/\/solarchallenge.lu\/de\/wp-json\/wp\/v2\/pages\/1812","targetHints":{"allow":["GET"]}}],"collection":[{"href":"https:\/\/solarchallenge.lu\/de\/wp-json\/wp\/v2\/pages"}],"about":[{"href":"https:\/\/solarchallenge.lu\/de\/wp-json\/wp\/v2\/types\/page"}],"author":[{"embeddable":true,"href":"https:\/\/solarchallenge.lu\/de\/wp-json\/wp\/v2\/users\/1"}],"replies":[{"embeddable":true,"href":"https:\/\/solarchallenge.lu\/de\/wp-json\/wp\/v2\/comments?post=1812"}],"version-history":[{"count":13,"href":"https:\/\/solarchallenge.lu\/de\/wp-json\/wp\/v2\/pages\/1812\/revisions"}],"predecessor-version":[{"id":1917,"href":"https:\/\/solarchallenge.lu\/de\/wp-json\/wp\/v2\/pages\/1812\/revisions\/1917"}],"wp:attachment":[{"href":"https:\/\/solarchallenge.lu\/de\/wp-json\/wp\/v2\/media?parent=1812"}],"curies":[{"name":"wp","href":"https:\/\/api.w.org\/{rel}","templated":true}]}}

<div style="height:60px" aria-hidden="true" class="wp-block-spacer"></div>



<h4 class="wp-block-heading" style="font-size:36px">Haben Sie ein originelles Kommunikations-, Mobilisierungs- oder Sensibilisierungsprojekt zum Thema Solarenergie für Ihre Mitbürger geplant oder bereits durchgeführt? Bewerben Sie Ihr Projekt in Kategorie 4 der Solar Challenge und stellen Sie das Engagement Ihrer Gemeinde unter Beweis!</h4>



<p>In dieser Kategorie wird eine&nbsp;Gemeinde, oder eine Gruppe von Gemeinden ausgezeichnet, die ein spezifisches und originelles Projekt zur Sensibilisierung der lokalen Akteure für die Herausforderungen der Solarenergie umgesetzt hat oder derzeit durchführt. <strong>Das Projekt kann sowohl abgeschlossen sein als auch noch in der Umsetzung sein.</strong></p>



<p>Um Ihr Projekt einzureichen, vervollständigen Sie <strong>die untenstehende Vorlage</strong> mit den Einzelheiten Ihres Projekts und reichen Sie es zusammen mit allen relevanten Unterlagen (Präsentationen, Fotos, Berichte usw.) bis zum <strong>28. Februar 2026</strong> über das beistehende Formular ein.</p>



<p><a href="https://solarchallenge.lu/wp-content/uploads/2025/03/Template_Pitch-Categorie-4.pptx" target="_blank" rel="noreferrer noopener"><strong>Projektvorlage herunterladen</strong></a></p>



<p>Wenn Sie zu einem späteren Zeitpunkt zusätzliche Dokumente zu Ihrem Projekt hinzuzufügen möchten, wenden Sie sich bitte unter Angabe des Projekttitels an <a href="mailto:s%6fla%72ch%61%6cl%65%6e%67e@%6bl%69ma%2dage%6ec%65%2el%75"><u>solarchallenge@klima-agence.lu</u></a>. Es können mehrere Projekte eingereicht werden, sofern jedes Projekt bis zum 28. Februar 2026 einzeln eingereicht wird. Weitere Informationen finden Sie in <a href="https://solarchallenge.lu/de/reglement/"><u>den Teilnahmebedingungen</u></a>.</p>



<div style="height:60px" aria-hidden="true" class="wp-block-spacer"></div>



<p></p>

<p>Haben Sie ein originelles Kommunikations-, Mobilisierungs- oder Sensibilisierungsprojekt zum Thema Solarenergie für Ihre Mitbürger geplant oder bereits durchgeführt? Bewerben Sie Ihr Projekt in Kategorie 4 der Solar Challenge und stellen Sie das Engagement Ihrer Gemeinde unter Beweis! In dieser Kategorie wird eine&nbsp;Gemeinde, oder eine Gruppe von Gemeinden ausgezeichnet, die ein spezifisches und originelles Projekt zur [&hellip;]</p>
